14.
9
What is -133 (base 7) in base 9?
-81
48 (base 11) to base 6
124
What is -2120 (base 3) in base 14?
-4d
What is -28 (base 15) in base 13?
-2c
11011101 (base 2) to base 3
22012
-a (base 14) to base 12
-a
What is 7 (base 9) in base 15?
7
3 (base 11) to base 15
3
What is 321 (base 5) in base 7?
152
-4 (base 9) to base 15
-4
What is -162 (base 9) in base 3?
-12002
What is 20 (base 4) in base 12?
8
Convert -40 (base 16) to base 5.
-224
Convert -1111 (base 2) to base 9.
-16
What is -334 (base 7) in base 2?
-10101100
What is -3 (base 10) in base 6?
-3
-42 (base 11) to base 10
-46
What is -2 (base 15) in base 6?
-2
What is -214 (base 6) in base 9?
-101
What is 65 (base 7) in base 3?
1202
1001 (base 2) to base 12
9
0 (base 2) to base 15
0
Convert 123 (base 4) to base 11.
25
0 (base 10) to base 7
0
10 (base 3) to base 16
3
What is -42 (base 16) in base 8?
-102
-10 (base 12) to base 9
-13
-3 (base 6) to base 15
-3
Convert 2 (base 8) to base 14.
2
1111001 (base 2) to base 10
121
Convert -1 (base 3) to base 4.
-1
Convert -42 (base 9) to base 16.
-26
Convert -5 (base 12) to base 10.
-5
1a (base 13) to base 14
19
-8 (base 16) to base 10
-8
133 (base 4) to base 5
111
Convert 11110 (base 2) to base 8.
36
What is -1011 (base 2) in base 8?
-13
Convert -136 (base 11) to base 7.
-316
-13 (base 14) to base 13
-14
What is 254 (base 7) in base 9?
162
What is -2 (base 14) in base 10?
-2
What is 3 (base 11) in base 2?
11
-14 (base 6) to base 13
-a
Convert 14 (base 5) to base 6.
13
-6 (base 9) to base 15
-6
What is -11 (base 2) in base 16?
-3
Convert -6 (base 9) to base 12.
-6
Convert 9 (base 16) to base 8.
11
What is 4 (base 8) in base 6?
4
What is 3 (base 14) in base 2?
11
Convert 91 (base 11) to base 8.
144
6 (base 11) to base 7
6
0 (base 4) to base 2
0
What is d9 (base 16) in base 2?
11011001
-d (base 15) to base 14
-d
Convert -3004 (base 5) to base 9.
-461
Convert 53 (base 12) to base 3.
2100
30 (base 4) to base 10
12
-2 (base 12) to base 15
-2
What is -3 (base 9) in base 16?
-3
What is 2 (base 13) in base 5?
2
Convert -5 (base 10) to base 13.
-5
Convert 1 (base 7) to base 4.
1
What is 32 (base 16) in base 6?
122
Convert 1 (base 9) to base 5.
1
What is 69 (base 15) in base 11?
90
-2 (base 12) to base 7
-2
2 (base 8) to base 7
2
-42 (base 11) to base 14
-34
1 (base 14) to base 6
1
What is 10 (base 3) in base 12?
3
-141 (base 8) to base 6
-241
-1a (base 11) to base 2
-10101
What is 1 (base 11) in base 5?
1
What is -3 (base 7) in base 14?
-3
0 (base 9) to base 5
0
What is 42 (base 7) in base 11?
28
142 (base 6) to base 4
332
What is 10100 (base 3) in base 2?
1011010
1001000 (base 2) to base 16
48
2 (base 15) to base 11
2
1 (base 11) to base 4
1
What is 2 (base 14) in base 15?
2
-10 (base 2) to base 7
-2
1 (base 15) to base 3
1
What is 312 (base 4) in base 5?
204
-48 (base 10) to base 6
-120
-2 (base 15) to base 2
-10
20 (base 7) to base 9
15
What is -11 (base 4) in base 12?
-5
-b0 (base 14) to base 16
-9a
What is -3301 (base 4) in base 14?
-133
10 (base 3) to base 8
3
Convert 110102 (base 3) to base 10.
335
6 (base 14) to base 3
20
4 (base 5) to base 16
4
Convert -111 (base 2) to base 9.
-7
What is 27 (base 9) in base 12?
21
What is 1001 (base 4) in base 5?
230
Convert 13 (base 13) to base 12.
14
What is 427 (base 9) in base 3?
110221
What is 13 (base 10) in base 4?
31
-307 (base 10) to base 15
-157
What is 4 (base 15) in base 9?
4
-2 (base 3) to base 10
-2
Convert -3 (base 7) to base 13.
-3
-2010 (base 3) to base 14
-41
11001111 (base 2) to base 4
3033
0 (base 10) to base 13
0
-14 (base 8) to base 7
-15
What is 133 (base 8) in base 13?
70
What is 0 (base 13) in base 3?
0
-3 (base 13) to base 10
-3
1210 (base 3) to base 12
40
Convert -113 (base 10) to base 4.
-1301
What is 3 (base 6) in base 2?
11
What is 1 (base 15) in base 10?
1
What is -b (base 14) in base 11?
-10
What is 2 (base 15) in base 6?
2
What is -3 (base 15) in base 3?
-10
What is -1 (base 10) in base 3?
-1
Convert 3 (base 8) to base 9.
3
What is 2 (base 9) in base 8?
2
Convert 40 (base 6) to base 4.
120
Convert -10 (base 10) to base 9.
-11
What is 116 (base 9) in base 14?
6c
25 (base 7) to base 6
31
15 (base 14) to base 2
10011
-1 (base 5) to base 6
-1
What is -2 (base 12) in base 4?
-2
Convert -9 (base 11) to base 8.
-11
Convert -7 (base 12) to base 9.
-7
Convert 3 (base 5) to base 11.
3
Convert 1 (base 15) to base 12.
1
What is 3 (base 4) in base 13?
3
Convert 10 (base 10) to base 15.
a
What is -213 (base 4) in base 8?
-47
c6 (base 13) to base 10
162
-196 (base 10) to base 9
-237
Convert 35 (base 13) to base 3.
1122
Convert 3 (base 13) to base 7.
3
Convert 2 (base 12) to base 15.
2
18 (base 13) to base 3
210
20122 (base 3) to base 7
344
-3 (base 9) to base 10
-3
What is 1020 (base 3) in base 4?
201
1 (base 6) to base 7
1
What is -18 (base 11) in base 7?
-25
Convert -1011 (base 7) to base 8.
-537
Convert 5 (base 13) to base 15.
5
What is -76 (base 13) in base 9?
-117
Convert 1 (base 16) to base 15.
1
-36 (base 11) to base 13
-30
Convert 11010 (base 2) to base 15.
1b
8 (base 13) to base 9
8
35 (base 6) to base 7
32
220 (base 3) to base 5
44
3 (base 14) to base 8
3
What is 3 (base 4) in base 10?
3
Convert 5 (base 15) to base 3.
12
What is 1b (base 13) in base 15?
19
Convert 5 (base 6) to base 13.
5
-49 (base 11) to base 10
-53
Convert 48 (base 12) to base 7.
110
What is 10 (base 12) in base 15?
c
Convert 5 (base 10) to base 5.
10
What is -3 (base 7) in base 3?
-10
133 (base 6) to base 4
321
Convert 1 (base 10) to base 7.
1
What is 21121 (base 3) in base 14?
109
2 (base 3) to base 15
2
Convert -19 (base 15) to base 3.
-220
-21 (base 3) to base 13
-7
Convert -1 (base 11) to base 15.
-1
4 (base 7) to base 13
4
29 (base 11) to base 2
11111
Convert 10010 (base 2) to base 3.
200
What is 220 (base 3) in base 10?
24
What is 25 (base 8) in base 4?
111
What is 11 (base 5) in base 12?
6
Convert -104 (base 12) to base 9.
-174
What is -135 (base 7) in base 9?
-83
What is 100111 (base 2) in base 7?
54
-7 (base 9) to base 8
-7
What is 13 (base 9) in base 11?
11
1202 (base 5) to base 4
2301
Convert -13 (base 13) to base 12.
-14
Convert -2 (base 16) to base 10.
-2
What is -11 (base 2) in base 12?
-3
What is 48 (base 12) in base 7?
110
-10101 (base 2) to base 16
-15
-61 (base 12) to base 5
-243
Convert -1 (base 11) to base 15.
-1
133 (base 7) to base 16
49
What is -6 (base 8) in base 7?
-6
Convert 11 (base 2) to base 14.
3
-3b (base 13) to base 12
-42
100 (base 2) to base 5
4
-21 (base 15) to base 7
-43
1342 (base 5) to base 15
ec
Convert 88 (base 11) to base 14.
6c
1 (base 2) to base 5
1
Convert 3 (base 6) to base 14.
3
What is 2 (base 15) in base 13?
2
What is 424 (base 5) in base 12?
96
Convert 20 (base 15) to base 8.
36
What is -8 (base 16) in base 12?
-8
What is -1001 (base 6) in base 16?
-d9
a (base 15) to base 13
a
What is 1b (base 12) in base 2?
10111
What is -344 (base 6) in base 10?
-136
120 (base 4) to base 6
40
Convert 41 (base 11) to base 13.
36
Convert -23 (base 7) to base 10.
-17
Convert -21 (base 11) to base 13.
-1a
40 (base 14) to base 12
48
-100 (base 2) to base 13
-4
-2 (base 3) to base 4
-2
Convert -200 (base 9) to base 14.
-b8
Convert 111 (base 5) to base 10.
31
Convert 4 (base 12) to base 4.
10
Convert 14 (base 6) to base 3.
101
Convert -b (base 12) to base 14.
-b
0 (base 3) to base 2
0
-4 (base 9) to base 14
-4
Convert -3 (base 6) to base 5.
-3
Convert 20 (base 4) to base 5.
13
-29 (base 12) to base 11
-30
Convert 25 (base 7) to base 5.
34
2 (base 11) to base 13
2
What is 5 (base 15) in base 2?
101
-54 (base 6) to base 10
-34
-341 (base 5) to base 11
-88
Convert -3 (base 6) to base 15.
-3
What is 8 (base 16) in base 8?
10
-77 (base 9) to base 13
-55
What is -1 (base 5) in base 10?
-1
Convert -4 (base 9) to base 2.
-100
64 (base 7) to base 10
46
What is -1120 (base 3) in base 16?
-2a
What is -101000 (base 2) in base 12?
-34
42 (base 10) to base 2
101010
Convert -501 (base 7) to base 3.
-100010
Convert -100111 (base 2) to base 3.
-1110
What is -1401 (base 5) in base 2?
-11100010
Convert -2 (base 11) to base 5.
-2
Convert 10100 (base 2) to base 11.
19
What is -4 (base 7) in base 6?
-4
Convert 100 (base 7) to base 10.
49
-136 (base 11) to base 12
-114
Convert 42 (base 10) to base 13.
33
What is 